{"id":86,"date":"2025-10-09T17:39:10","date_gmt":"2025-10-09T22:39:10","guid":{"rendered":"https:\/\/wilferhenao.com\/legalprobs1\/?page_id=86"},"modified":"2025-10-30T17:09:29","modified_gmt":"2025-10-30T22:09:29","slug":"politica-de-cookies","status":"publish","type":"page","link":"https:\/\/wilferhenao.com\/legalprobs1\/politica-de-cookies\/","title":{"rendered":"Pol\u00edtica de cookies"},"content":{"rendered":"\t\t<div data-elementor-type=\"wp-page\" data-elementor-id=\"86\" class=\"elementor elementor-86\">\n\t\t\t\t<div class=\"elementor-element elementor-element-a0ecf6b e-flex e-con-boxed elementor-invisible e-con e-parent\" data-id=\"a0ecf6b\" data-element_type=\"container\" data-settings=\"{&quot;background_background&quot;:&quot;classic&quot;,&quot;animation&quot;:&quot;fadeIn&quot;}\">\n\t\t\t\t\t<div class=\"e-con-inner\">\n\t\t\t\t<div class=\"elementor-element elementor-element-6a07bdd elementor-invisible elementor-widget elementor-widget-jet-listing-dynamic-field\" data-id=\"6a07bdd\" data-element_type=\"widget\" data-settings=\"{&quot;_animation&quot;:&quot;fadeIn&quot;}\" data-widget_type=\"jet-listing-dynamic-field.default\">\n\t\t\t\t\t<div class=\"jet-listing jet-listing-dynamic-field display-inline\"><div class=\"jet-listing-dynamic-field__inline-wrap\"><div class=\"jet-listing-dynamic-field__content\">Pol\u00edtica de cookies<\/div><\/div><\/div>\t\t\t\t<\/div>\n\t\t\t\t\t<\/div>\n\t\t\t\t<\/div>\n\t\t<div class=\"elementor-element elementor-element-15e4d6cd e-flex e-con-boxed e-con e-parent\" data-id=\"15e4d6cd\" data-element_type=\"container\">\n\t\t\t\t\t<div class=\"e-con-inner\">\n\t\t\t\t<div class=\"elementor-element elementor-element-73b9f61 elementor-widget elementor-widget-text-editor\" data-id=\"73b9f61\" data-element_type=\"widget\" data-widget_type=\"text-editor.default\">\n\t\t\t\t\t\t\t\t\t<h3 class=\"wp-block-heading\">\u00bfQu\u00e9 son las cookies?<\/h3>\n<p>Las cookies son peque\u00f1os archivos de texto que se almacenan en el navegador del dispositivo del usuario al acceder a un sitio web. Estos archivos contienen informaci\u00f3n sobre la navegaci\u00f3n, preferencias, configuraci\u00f3n y otras variables que permiten mejorar la experiencia del usuario.<\/p>\n<p>El t\u00e9rmino \u201ccookies\u201d tambi\u00e9n se utiliza para referirse a tecnolog\u00edas similares que permiten recopilar datos sobre la actividad de navegaci\u00f3n, como p\u00edxeles, etiquetas o identificadores locales.<\/p>\n<h3 class=\"wp-block-heading\">\u00bfPara qu\u00e9 se utilizan las cookies?<\/h3>\n<p>Las cookies permiten:<\/p>\n<ul class=\"wp-block-list\">\n<li>Recordar preferencias como idioma, regi\u00f3n o configuraci\u00f3n visual.<\/li>\n<li>Facilitar la navegaci\u00f3n y mejorar el rendimiento del sitio.<\/li>\n<li>Realizar an\u00e1lisis estad\u00edsticos sobre el uso del sitio.<\/li>\n<li>Mostrar contenido personalizado o publicidad basada en h\u00e1bitos de navegaci\u00f3n (previo consentimiento).<\/li>\n<\/ul>\n<h3 class=\"wp-block-heading\">\u00bfQu\u00e9 no hacen las cookies?<\/h3>\n<p>Las cookies no almacenan informaci\u00f3n sensible como contrase\u00f1as, datos bancarios o identificadores personales directos.<\/p>\n<h3 class=\"wp-block-heading\">\u00bfQui\u00e9n gestiona las cookies?<\/h3>\n<p>Las cookies pueden ser gestionadas directamente por el titular del sitio (cookies propias) o por terceros que prestan servicios complementarios (cookies de terceros), como herramientas de an\u00e1lisis, reproductores multimedia o redes sociales.<\/p>\n<h3 class=\"wp-block-heading\">\u00bfC\u00f3mo gestionar las cookies?<\/h3>\n<p>El usuario puede aceptar, rechazar o configurar el uso de cookies a trav\u00e9s del banner de consentimiento disponible en el sitio. Tambi\u00e9n puede modificar la configuraci\u00f3n de su navegador para bloquear o eliminar cookies en cualquier momento.<\/p>\n<p>Cada navegador ofrece opciones espec\u00edficas para gestionar cookies. A continuaci\u00f3n se indican enlaces informativos para los navegadores m\u00e1s comunes:<\/p>\n<ul class=\"wp-block-list\">\n<li>Firefox<\/li>\n<li>Google Chrome<\/li>\n<li>Safari<\/li>\n<li>Microsoft Edge<\/li>\n<li>Opera<\/li>\n<\/ul>\n<h3 class=\"wp-block-heading\">Tipos de cookies utilizadas<\/h3>\n<p><strong>Seg\u00fan la entidad que las gestiona:<\/strong><\/p>\n<ul class=\"wp-block-list\">\n<li><strong>Cookies propias:<\/strong>\u00a0gestionadas directamente por el sitio.<\/li>\n<li><strong>Cookies de terceros:<\/strong>\u00a0gestionadas por proveedores externos.<\/li>\n<\/ul>\n<p><strong>Seg\u00fan su finalidad:<\/strong><\/p>\n<ul class=\"wp-block-list\">\n<li><strong>Cookies t\u00e9cnicas:<\/strong>\u00a0necesarias para el funcionamiento b\u00e1sico del sitio.<\/li>\n<li><strong>Cookies de an\u00e1lisis:<\/strong>\u00a0permiten medir el uso y rendimiento del sitio.<\/li>\n<li><strong>Cookies de personalizaci\u00f3n:<\/strong>\u00a0adaptan la experiencia seg\u00fan preferencias del usuario.<\/li>\n<li><strong>Cookies publicitarias:<\/strong>\u00a0muestran anuncios relevantes basados en el comportamiento de navegaci\u00f3n.<\/li>\n<\/ul>\n<p><strong>Seg\u00fan su duraci\u00f3n:<\/strong><\/p>\n<ul class=\"wp-block-list\">\n<li><strong>Cookies de sesi\u00f3n:<\/strong>\u00a0se eliminan al cerrar el navegador.<\/li>\n<li><strong>Cookies persistentes:<\/strong>\u00a0permanecen en el dispositivo durante un periodo determinado.<\/li>\n<\/ul>\n<h3 class=\"wp-block-heading\">Revocaci\u00f3n del consentimiento<\/h3>\n<p>El usuario puede revocar su consentimiento en cualquier momento eliminando las cookies almacenadas en su navegador y actualizando sus preferencias en el banner de configuraci\u00f3n.<\/p>\n\t\t\t\t\t\t\t\t<\/div>\n\t\t\t\t\t<\/div>\n\t\t\t\t<\/div>\n\t\t\t\t<\/div>\n\t\t","protected":false},"excerpt":{"rendered":"<p>Pol\u00edtica de cookies<\/p>\n","protected":false},"author":1,"featured_media":0,"parent":0,"menu_order":0,"comment_status":"closed","ping_status":"closed","template":"","meta":{"_jet_sm_ready_style":"","_jet_sm_style":"","_jet_sm_controls_values":"","_jet_sm_fonts_collection":"","_jet_sm_fonts_links":"","footnotes":""},"class_list":["post-86","page","type-page","status-publish","hentry"],"_links":{"self":[{"href":"https:\/\/wilferhenao.com\/legalprobs1\/wp-json\/wp\/v2\/pages\/86","targetHints":{"allow":["GET"]}}],"collection":[{"href":"https:\/\/wilferhenao.com\/legalprobs1\/wp-json\/wp\/v2\/pages"}],"about":[{"href":"https:\/\/wilferhenao.com\/legalprobs1\/wp-json\/wp\/v2\/types\/page"}],"author":[{"embeddable":true,"href":"https:\/\/wilferhenao.com\/legalprobs1\/wp-json\/wp\/v2\/users\/1"}],"replies":[{"embeddable":true,"href":"https:\/\/wilferhenao.com\/legalprobs1\/wp-json\/wp\/v2\/comments?post=86"}],"version-history":[{"count":32,"href":"https:\/\/wilferhenao.com\/legalprobs1\/wp-json\/wp\/v2\/pages\/86\/revisions"}],"predecessor-version":[{"id":780,"href":"https:\/\/wilferhenao.com\/legalprobs1\/wp-json\/wp\/v2\/pages\/86\/revisions\/780"}],"wp:attachment":[{"href":"https:\/\/wilferhenao.com\/legalprobs1\/wp-json\/wp\/v2\/media?parent=86"}],"curies":[{"name":"wp","href":"https:\/\/api.w.org\/{rel}","templated":true}]}}